764?
7
What is the ten thousands digit of 88736128?
3
What is the hundred millions digit of 1334898865?
3
What is the tens digit of 88444418?
1
What is the tens digit of 458863174?
7
What is the hundred thousands digit of 590442114?
4
What is the ten millions digit of 1054994573?
5
What is the hundred millions digit of 293606708?
2
What is the ten thousands digit of 2485029129?
2
What is the units digit of 298479718?
8
What is the ten millions digit of 101314185?
0
What is the ten thousands digit of 193209027?
0
What is the hundreds digit of 1395302038?
0
What is the units digit of 908744299?
9
What is the ten millions digit of 1928054764?
2
What is the hundred millions digit of 2775647025?
7
What is the hundred thousands digit of 334277205?
2
What is the thousands digit of 4112994503?
4
What is the ten thousands digit of 564400645?
0
What is the hundreds digit of 141198525?
5
What is the hundred millions digit of 1458316092?
4
What is the tens digit of 87777603?
0
What is the hundreds digit of 1573730033?
0
What is the units digit of 624034094?
4
What is the units digit of 67625434?
4
What is the hundred millions digit of 321758543?
3
What is the hundred thousands digit of 40330819?
3
What is the hundreds digit of 653766553?
5
What is the tens digit of 445433696?
9
What is the hundreds digit of 2074595761?
7
What is the millions digit of 6326311?
6
What is the millions digit of 175029374?
5
What is the thousands digit of 32696005?
6
What is the units digit of 262417261?
1
What is the tens digit of 34574881?
8
What is the thousands digit of 842003967?
3
What is the hundred thousands digit of 312538134?
5
What is the hundreds digit of 194279039?
0
What is the millions digit of 55481135?
5
What is the ten millions digit of 130590977?
3
What is the hundred thousands digit of 1816454732?
4
What is the hundred thousands digit of 6163805210?
8
What is the ten millions digit of 44062591?
4
What is the hundred thousands digit of 464995452?
9
What is the tens digit of 6644969913?
1
What is the ten thousands digit of 56719285?
1
What is the hundred thousands digit of 445771323?
7
What is the units digit of 836028304?
4
What is the units digit of 907761593?
3
What is the millions digit of 53545759?
3
What is the thousands digit of 1574753628?
3
What is the units digit of 20947262?
2
What is the ten millions digit of 26060700?
2
What is the ten millions digit of 214968948?
1
What is the tens digit of 282236613?
1
What is the ten thousands digit of 69269146?
6
What is the thousands digit of 153392745?
2
What is the units digit of 29476699?
9
What is the hundreds digit of 759648926?
9
What is the units digit of 102598618?
8
What is the billions digit of 2279586804?
2
What is the ten thousands digit of 26142353?
4
What is the ten thousands digit of 1239887854?
8
What is the hundreds digit of 2637104916?
9
What is the thousands digit of 2767359175?
9
What is the hundreds digit of 102402900?
9
What is the units digit of 480770475?
5
What is the millions digit of 466078810?
6
What is the ten thousands digit of 369769756?
6
What is the thousands digit of 1759843458?
3
What is the millions digit of 288138246?
8
What is the ten thousands digit of 3777084984?
8
What is the hundred millions digit of 6492888184?
4
What is the hundreds digit of 787478399?
3
What is the ten thousands digit of 110385015?
8
What is the thousands digit of 2458951269?
1
What is the tens digit of 89599223?
2
What is the hundred thousands digit of 1016421169?
4
What is the ten millions digit of 12016710?
1
What is the ten thousands digit of 111432931?
3
What is the hundred thousands digit of 20534015?
5
What is the hundred millions digit of 445855043?
4
What is the ten thousands digit of 27918690?
1
What is the tens digit of 133419353?
5
What is the hundreds digit of 7492850?
8
What is the tens digit of 103185057?
5
What is the units digit of 1128016605?
5
What is the millions digit of 125377685?
5
What is the hundreds digit of 482383288?
2
What is the thousands digit of 78397237?
7
What is the units digit of 21175067?
7
What is the tens digit of 98984098?
9
What is the tens digit of 117175749?
4
What is the hundred millions digit of 276456514?
2
What is the hundred thousands digit of 110430306?
4
What is the hundreds digit of 5993998?
9
What is the ten millions digit of 197432767?
9
What is the hundred millions digit of 230989583?
2
What is the ten thousands digit of 58602298?
0
What is the tens digit of 40692568?
6
What is the tens digit of 3573375255?
5
What is the hundred thousands digit of 264785921?
7
What is the millions digit of 300226615?
0
What is the ten thousands digit of 1529932?
2
What is the thousands digit of 453458495?
8
What is the hundred millions digit of 144131299?
1
What is the tens digit of 306707069?
6
What is the thousands digit of 100366463?
6
What is the millions digit of 125880462?
5
What is the hundred millions digit of 2056579899?
0
What is the ten thousands digit of 56733266?
3
What is the millions digit of 3200492274?
0
What is the billions digit of 2254630808?
2
What is the hundreds digit of 722207654?
6
What is the units digit of 52541415?
5
What is the tens digit of 325327522?
2
What is the units digit of 308885580?
0
What is the ten thousands digit of 80482999?
8
What is the millions digit of 2464236875?
4
What is the units digit of 3997581972?
2
What is the ten thousands digit of 507548909?
4
What is the tens digit of 56891146?
4
What is the millions digit of 1539898590?
9
What is the ten thousands digit of 34031346?
3
What is the hundred thousands digit of 103833354?
8
What is the hundred thousands digit of 1399143445?
1
What is the ten thousands digit of 1150033334?
3
What is the hundred millions digit of 8408995520?
4
What is the tens digit of 5250346304?
0
What is the hundred millions digit of 135600951?
1
What is the ten thousands digit of 3375551286?
5
What is the millions digit of 148693665?
8
What is the hundred thousands digit of 18303216?
3
What is the ten thousands digit of 303019568?
1
What is the tens digit of 4856037617?
1
What is the units digit of 61448871?
1
What is the tens digit of 1867169862?
6
What is the millions digit of 710008989?
0
What is the ten millions digit of 388933412?
8
What is the millions digit of 720311795?
0
What is the millions digit of 90853452?
0
What is the ten millions digit of 27419861?
2
What is the thousands digit of 8987128?
7
What is the hundreds digit of 34618667?
6
What is the thousands digit of 233532126?
2
What is the millions digit of 316462360?
6
What is the hundred millions digit of 348262530?
3
What is the billions digit of 2152213774?
2
What is the hundred thousands digit of 2340742442?
7
What is the millions digit of 454196383?
4
What is the tens digit of 4149240916?
1
What is the thousands digit of 31157494?
7
What is the hundred thousands digit of 529354176?
3
What is the hundred thousands digit of 11677569?
6
What is the millions digit of 164077478?
4
What is the hundreds digit of 13065181?
1
What is the units digit of 127798611?
1
What is the billions digit of 1505874778?
1
What is the thousands digit of 277010455?
0
What is the ten thousands digit of 1033670978?
7
What is the ten thousands digit of 752565597?
6
What is the thousands digit of 37398620?
8
What is the hundred thousands digit of 85655911?
6
What is the units digit of 131915406?
6
What is the hundreds digit of 53463107?
1
What is the ten thousands digit of 189405449?
0
What is the hundreds digit of 138914709?
7
What is the hundred thousands digit of 942249762?
2
What is the tens digit of 88321373?
7
What is the hundreds digit of 9329655?
6
What is the ten millions digit of 17269782?
1
What is the hundreds digit of 159683646?
6
What is the hundreds digit of 22860377?
3
What is the millions digit of 305516098?
5
What is the hundreds digit of 39716850?
8
What is the hundred thousands digit of 523566?
5
What is the hundreds digit of 46675435?
4
What is the thousands digit of 2552075781?
5
What is the units digit of 307697394?
4
What is the ten thousands digit of 369536814?
3
What is the hundreds digit of 5645037288?
2
What is the hundred millions digit of 703881919?
7
What is the units digit of 2928831193?
3
What is the hundred tho